t of 390?
9
What is the hundreds digit of 114741?
7
What is the ten thousands digit of 79718?
7
What is the hundreds digit of 478?
4
What is the hundreds digit of 714?
7
What is the thousands digit of 24418?
4
What is the units digit of 13505?
5
What is the units digit of 10533?
3
What is the thousands digit of 15535?
5
What is the hundreds digit of 316?
3
What is the units digit of 19715?
5
What is the units digit of 743?
3
What is the units digit of 244?
4
What is the hundreds digit of 318?
3
What is the tens digit of 73371?
7
What is the units digit of 6940?
0
What is the thousands digit of 42211?
2
What is the hundreds digit of 20687?
6
What is the hundreds digit of 473?
4
What is the thousands digit of 38744?
8
What is the thousands digit of 41981?
1
What is the units digit of 310?
0
What is the units digit of 4139?
9
What is the tens digit of 3525?
2
What is the ten thousands digit of 35947?
3
What is the thousands digit of 6030?
6
What is the tens digit of 8172?
7
What is the hundred thousands digit of 136642?
1
What is the tens digit of 47732?
3
What is the thousands digit of 1271?
1
What is the thousands digit of 5020?
5
What is the units digit of 3788?
8
What is the thousands digit of 4054?
4
What is the tens digit of 14538?
3
What is the units digit of 97754?
4
What is the units digit of 178?
8
What is the hundreds digit of 141?
1
What is the units digit of 8074?
4
What is the hundreds digit of 24578?
5
What is the thousands digit of 8358?
8
What is the tens digit of 4367?
6
What is the thousands digit of 11580?
1
What is the units digit of 1915?
5
What is the thousands digit of 14410?
4
What is the units digit of 990?
0
What is the thousands digit of 3176?
3
What is the tens digit of 1494?
9
What is the units digit of 274?
4
What is the ten thousands digit of 17308?
1
What is the units digit of 149498?
8
What is the thousands digit of 2507?
2
What is the units digit of 682?
2
What is the units digit of 8160?
0
What is the units digit of 538?
8
What is the units digit of 347?
7
What is the units digit of 136646?
6
What is the units digit of 863?
3
What is the thousands digit of 106378?
6
What is the tens digit of 5932?
3
What is the tens digit of 569?
6
What is the tens digit of 62?
6
What is the thousands digit of 1877?
1
What is the thousands digit of 50065?
0
What is the hundreds digit of 26698?
6
What is the hundreds digit of 215?
2
What is the tens digit of 4526?
2
What is the tens digit of 1314?
1
What is the ten thousands digit of 40230?
4
What is the ten thousands digit of 32625?
3
What is the units digit of 4429?
9
What is the hundreds digit of 9568?
5
What is the units digit of 21506?
6
What is the units digit of 1681?
1
What is the hundreds digit of 20674?
6
What is the thousands digit of 2270?
2
What is the thousands digit of 3463?
3
What is the units digit of 1071?
1
What is the tens digit of 3130?
3
What is the thousands digit of 5041?
5
What is the hundreds digit of 40993?
9
What is the units digit of 55107?
7
What is the thousands digit of 47237?
7
What is the ten thousands digit of 15369?
1
What is the hundreds digit of 4157?
1
What is the thousands digit of 13656?
3
What is the tens digit of 2947?
4
What is the units digit of 7316?
6
What is the tens digit of 1521?
2
What is the units digit of 2135?
5
What is the hundreds digit of 22985?
9
What is the tens digit of 1264?
6
What is the thousands digit of 133358?
3
What is the units digit of 1516?
6
What is the tens digit of 5384?
8
What is the thousands digit of 3401?
3
What is the ten thousands digit of 10281?
1
What is the tens digit of 66227?
2
What is the units digit of 60740?
0
What is the ten thousands digit of 47823?
4
What is the hundreds digit of 184?
1
What is the units digit of 13480?
0
What is the units digit of 583?
3
What is the hundreds digit of 43448?
4
What is the hundreds digit of 748?
7
What is the tens digit of 904?
0
What is the units digit of 1494?
4
What is the hundreds digit of 972?
9
What is the thousands digit of 49970?
9
What is the tens digit of 14052?
5
What is the ten thousands digit of 12549?
1
What is the units digit of 37312?
2
What is the units digit of 28496?
6
What is the ten thousands digit of 63695?
6
What is the units digit of 464?
4
What is the hundreds digit of 1713?
7
What is the units digit of 2989?
9
What is the tens digit of 899?
9
What is the units digit of 7443?
3
What is the thousands digit of 115373?
5
What is the units digit of 8901?
1
What is the hundreds digit of 1189?
1
What is the thousands digit of 3942?
3
What is the tens digit of 11779?
7
What is the thousands digit of 102237?
2
What is the hundreds digit of 1728?
7
What is the tens digit of 1412?
1
What is the units digit of 3728?
8
What is the hundreds digit of 233?
2
What is the hundreds digit of 524?
5
What is the thousands digit of 6579?
6
What is the tens digit of 1908?
0
What is the units digit of 4989?
9
What is the thousands digit of 23087?
3
What is the ten thousands digit of 10118?
1
What is the ten thousands digit of 10884?
1
What is the units digit of 318?
8
What is the hundreds digit of 163155?
1
What is the units digit of 763?
3
What is the thousands digit of 2481?
2
What is the tens digit of 1503?
0
What is the thousands digit of 89413?
9
What is the thousands digit of 4789?
4
What is the hundreds digit of 1450?
4
What is the hundreds digit of 83609?
6
What is the units digit of 1854?
4
What is the units digit of 3211?
1
What is the tens digit of 656?
5
What is the units digit of 27229?
9
What is the tens digit of 7960?
6
What is the units digit of 27945?
5
What is the hundreds digit of 4220?
2
What is the units digit of 81440?
0
What is the tens digit of 2047?
4
What is the tens digit of 1701?
0
What is the thousands digit of 26328?
6
What is the ten thousands digit of 19042?
1
What is the units digit of 236?
6
What is the units digit of 2257?
7
What is the tens digit of 2322?
2
What is the thousands digit of 3220?
3
What is the thousands digit of 1032?
1
What is the thousands digit of 45422?
5
What is the thousands digit of 9401?
9
What is the thousands digit of 1814?
1
What is the hundreds digit of 3637?
6
What is the thousands digit of 5594?
5
What is the hundreds digit of 5159?
1
What is the tens digit of 1096?
9
What is the units digit of 38648?
8
What is the units digit of 2708?
8
What is the hundreds digit of 488?
4
What is the tens digit of 53653?
5
What is the tens digit of 27616?
1
What is the hundreds digit of 1458?
4
What is the units digit of 33?
3
What is the thousands digit of 28034?
8
What is the tens digit of 1287?
8
What is the thousands digit of 2252?
2
What is the ten thousands digit of 141160?
4
What is the thousands digit of 15606?
5
What is the tens digit of 273?
7
What is the thousands digit of 28678?
8
What is the tens digit of 1053?
5
What is the hundreds digit of 3718?
7
What is the tens digit of 568?
6
What is the thousands digit of 1338?
1
What is the tens digit of 25904?
0
What is the ten thousands digit of 17986?
1
What is the hundreds digit of 924?
9
What is the units digit of 18363?
3
What is the ten thousands digit of 30350?
3
What is the hundreds digit of 1134?
1
What is the units digit of 62930?
0
What is the hundreds digit of 641?
6
What is the hundreds digit of 3747?
7
What is the tens digit of 1016?
1
What is the thousands digit of 5417?
5
What is the tens digit of 2443?
4
What is the hundreds digit of 3539?
5
What is the thousands digit of 65566?
5
What is the units digit of 3804?
4
What is the thousands digit of 64220?
4
What is the tens digit of 4481?
8
What is the units digit of 3618?
8
What is the thousands digit of 1225?
1
What is the units digit of 36095?
5
What is the units digit of 39977?
7
What is the tens digit of 151?
5
What is the ten thousands digit of 10815?
1
What is the thousands digit of 6264?
6
What is the units digit of 2770?
0
What is the hundreds digit of 21128?
1
What is the hundreds digit of 7623?
6
What is the hundreds digit of 52961?
9
What is the ten thousands digit of 16747?
1
What is the ten thousands digit of 149331?
4
What is the hundreds digit of 84736?
7
What is the units digit of 2408?
8
What is the tens digit of 2130?
3
What is the tens digit of 18264?
6
What is the